at is -3 - (-5 - -7) - -1?
-4
What is the value of 11 - (-5 + (17 - 6))?
5
Calculate (3 + -8 - -8) + (-1 - 1).
1
What is the value of -1 + 5 + (-6 - 1)?
-3
Calculate -7 + (-6 - -18) - 2.
3
Evaluate (30 - 9) + -3 - 10.
8
Calculate -5 + (-3 - 6) + 7 - -4.
-3
Calculate (3 - 6 - (-9 + 7)) + 2.
1
What is -2 + 0 + (10 - 5)?
3
What is -2 - 0 - (-3 - (-3 - 0))?
-2
Evaluate 5 - (6 + (-2 - (-7 - -5))).
-1
-3 + 28 + -26 + -1 + 2
0
What is the value of (-10 - -4) + 2 - -1 - 3?
-6
What is 0 - 11 - (6 + -16)?
-1
Calculate -2 - (-3 + (3 - -1)).
-3
Evaluate -5 + (4 - 0 - -1).
0
Calculate -3 + 2 + (4 - 8) + 2.
-3
Evaluate -13 + (15 - 1 - (-21 - -28)).
-6
Calculate (-1 - (4 - 6)) + 1 - 2.
0
Evaluate 3 + -8 + 5 + 5.
5
Evaluate 3 + -4 + 1 + -4.
-4
2 - (2 + -8) - 2
6
1 + -2 - (-10 + 14)
-5
Evaluate -19 + (-10 - (-32 + 11)).
-8
What is the value of -17 + 17 - (1 + 4 - 0)?
-5
Calculate 11 + (-19 - 6) + 5.
-9
What is the value of 2 + -1 + -9 + 2?
-6
Calculate -6 + 4 + 2 - (0 + -3).
3
What is the value of 3 + (1 - ((-3 - 2) + 10))?
-1
-3 - ((6 - 8) + 3 + 1)
-5
Evaluate -4 + 5 + -3 + 2 + -3.
-3
Evaluate (-2 - -7) + -6 - (-4 + 1).
2
Evaluate -4 - (3 + -2) - (1 + -3).
-3
-13 - ((-24 - -13) + 1)
-3
10 - (20 + (-11 - -6))
-5
-4 + 32 + -23 + 1 + -7
-1
What is the value of -1 + (19 - 15 - (0 + 1))?
2
Evaluate 2 - (-13 - (-4 - 5)).
6
What is the value of (10 - 2) + -11 - -6?
3
What is -11 - -8 - (0 - 4)?
1
What is the value of -13 - (7 + (-24 - -6))?
-2
Evaluate -5 - (8 + -4 + -1 - 16).
8
-3 + 1 - (-1 + (-3 - 0))
2
2 - 1 - (2 + -3 + 1)
1
Calculate (1 - -1) + -10 + (-13 - -24).
3
What is the value of 5 + -1 + -5 + -7 + 9?
1
Evaluate (9 - -4 - (6 + 2)) + -11.
-6
What is 4 + 3 + -4 - -2?
5
Calculate (5 - (5 - 2)) + (-4 - -2).
0
5 - (8 - 1) - -8
6
What is 4 + -1 + (5 - 2) - 3?
3
Evaluate -6 + 1 - -7 - (0 + 3).
-1
Calculate -25 + 20 - (3 - -2).
-10
5 + -3 + (2 - 3 - 1)
0
What is the value of -7 + (-2 - -3 - -2 - -1)?
-3
What is (-15 - -22) + (-9 - 1)?
-3
What is the value of -3 + 2 + 1 + 2 + -2?
0
8 - 4 - (0 + 2)
2
Evaluate 3 - (2 + -4 + 2 + 5).
-2
-4 - (-4 + 3 + (2 - 1))
-4
Calculate -1 - (-2 - 2) - (-7 - -6).
4
What is the value of 0 - (6 - ((5 - 10) + 3))?
-8
Evaluate 0 - 2 - (-27 + 25).
0
(4 - -1) + 7 + -7
5
Calculate 7 + 6 + -13 + 5.
5
Evaluate 0 + 8 - (8 + -2).
2
What is (8 - 2) + (8 - 11)?
3
5 - 6 - (8 - 6)
-3
Evaluate -1 + (-1 - 3) - (22 - 27).
0
What is the value of 7 + -6 + -4 + 8?
5
Evaluate (-2 - -7) + (3 - -1).
9
-3 - (0 + -3 - -1)
-1
(0 - -3) + 2 + (1 - 3)
3
What is 60 + -57 + 0 + 4 + 3?
10
Evaluate 6 + -6 + (-1 - 3) - 1.
-5
Calculate (-3 - 2) + (-4 - -6).
-3
What is 2 + (-2 - (-4 + 0))?
4
6 + (64 + -68 - (-1 + -3))
6
What is the value of -3 + -4 - -11 - (6 - -1)?
-3
Evaluate -1 - ((-4 - (2 - 1)) + 3).
1
-5 + 1 + (-1 - (3 - 6))
-2
What is the value of 4 + (-1 - 2) - (4 + 1)?
-4
Evaluate 1 - -2 - ((-1 - -1) + -1).
4
What is the value of 1 + -4 + 6 + 1 + 0?
4
What is -4 - (-3 + 8 + (-14 - -2))?
3
Evaluate -30 + 32 - (3 + (-1 - -2)).
-2
Evaluate (5 - 6) + -6 - -6.
-1
What is the value of 8 - ((44 - 49) + -1 + 6)?
8
Calculate 1 - (3 - (0 - -5)).
3
What is the value of 3 - ((-2 - -6) + -3)?
2
Evaluate 4 + 0 + -8 + 11.
7
Calculate 8 + (7 - 16) + 1.
0
-76 + 76 - (4 - -1)
-5
-6 + -1 + (75 - 70)
-2
What is the value of -3 + (-2 - -3) + (-8 - -7)?
-3
What is the value of 12 - (-2 + 14) - 0?
0
Evaluate (6 - -2) + 6 + -4.
10
What is the value of -1 + -3 + -2 + 10?
4
What is 3 + -11 + (-13 - -23)?
2
3 - 0 - (0 + 4 + 1)
-2
What is (-18 - -10) + (1 - -2)?
-5
2 + (-21 - -17 - (-6 + 0))
4
2 - (0 + -2 + 4 + -2)
2
What is the value of 4 + (0 - -4) + -13?
-5
Evaluate -1 + 4 + 4 + -6.
1
What is -9 + 11 - (1 - -5)?
-4
Evaluate (-2 - -2) + 4 + 0.
4
Evaluate (0 - -19) + (5 - 17).
7
(3 - (12 + -6)) + -2 + 8
3
3 + (6 - (-3 - -11) - -1)
2
Evaluate -1 + (0 - 1) + -27 + 25.
-4
Evaluate -5 + (-5 - -1) + (10 - 1).
0
Calculate 1 + -7 + 15 + -7.
2
(5 - -5) + -8 - (0 - -5)
-3
0 - (7 + (4 - 16))
5
Calculate 2 - ((-8 - -6) + 8).
-4
What is the value of 4 - (-2 - (-2 + -2))?
2
-5 + -6 - -27 - 13
3
1 + -1 - ((2 - 3) + 2)
-1
(-3 - 3) + -4 + -2 + 19
7
What is 11 + 1 - (-8 + -2 - -11)?
11
(4 - (5 + 1)) + 8
6
What is 12 + -6 + (3 - 4) + -6?
-1
Calculate -1 - (2 + 1 + 0).
-4
(-2 - -8) + (-1 - (-5 + 7))
3
What is the value of 12 + (7 - 17) - 3?
-1
Calculate (-2 - 4 - -12) + -8.
-2
What is the value of (3 - 10) + 10 + -5?
-2
Calculate 5 + -1 + -8 + 5.
1
-1 - -2 - -3 - -4
8
7 + 3 + -5 + (3 - 2)
6
Calculate 14 + -3 + (4 - 19).
-4
What is the value of (-5 + 6 + -5 - 1) + 3?
-2
Calculate (-5 - -6) + -2 + 4 - 2.
1
What is 8 + (-1 - -2) + -1?
8
Evaluate -1 - (-15 - -12 - (-6 + -1)).
-5
What is 2 - (-2 - (-9 + 1))?
-4
-5 + 9 + (4 - 8)
0
What is the value of 3 + 0 + (-10 - -5) - -9?
7
Evaluate (-14 - -9) + (2 - (1 + -1)).
-3
Calculate 10 + 5 + -7 - 5.
3
What is the value of -4 - (-6 + 2 - -4)?
-4
Evaluate -4 + (4 - 3) + 2 - 2.
-3
What is the value of (3 - (3 - 3)) + -5?
-2
What is the value of (1 - -5 - 2) + (-17 - -5)?
-8
What is (0 - 8) + (1 - 0) + 3?
-4
1 - -2 - (11 + -5)
-3
-6 + 14 + -3 + 0
5
0 - (2 - 8) - (-1 + 6)
1
What is (4 - -3) + (-2 + -4 - -1)?
2
What is the value of -13 + 14 + -1 + -1 + 1?
0
What is the value of (-1 - -3) + (-5 - -9) + -1?
5
What is the value of 1 + 0 - (8 - 5 - 1)?
-1
What is 1 - -1 - 1 - 5?
-4
What is the value of (-35 - -47) + (-9 - 1)?
2
What is -11 + (-1 - -7) + 2 - -4?
1
What is 53 - 51 - ((-2 - 0) + -1)?
5
What is -2 + 4 + (1 - 2) + -2?
-1
What is the value of (42 - 37) + 1 + -6?
0
-5 + 3 - ((4 - 4) + 2)
-4
(-5 - (-3 + -2)) + 2
2
Evaluate (-13 + 7 - -8) + -1.
1
-24 + 20 + -1 + 9
4
What is the value of -2 + 0 - (-1 + -6 + 7)?
-2
What is -2 - ((-9 - -3 - -4) + 6)?
-6
Evaluate -5 + (5 - -2 - 3).
-1
What is 1 + -3 + 1 + -6 + 4?
-3
(30 - 33) + -1 + 3
-1
What is 36 + -38 + 1 + -1 + 0?
-2
Calculate (0 - 0 - 4) + 4.
0
What is 0 - (-1 + (4 - (-2 - -8)))?
3
Evaluate (-3 - 5) + 4 + 7 + -2.
1
What is the value of (8 - -1) + -5 - (-4 - -8)?
0
Calculate -11 + (10 - -13) + -12.
0
What is (2 - 2) + 2 + (10 - 16)?
-4
What is -4 + (-7 - 0 - (-19 + 0))?
8
What is 2 - (-4 + 3) - (-4 + 2)?
5
-5 + (-6 + 4 - -12)
5
Calculate -11 - (19 + -20) - (-6 - -1).
-5
(54 - 37) + (-1 - 9)
7
6 - -1 - (-3 + 6 - 5)
9
What is the value of -17 - -15 - (-4 - 2)?
4
What is the value of 1 - (7 + -3 + (-5 - 1))?
3
Calculate (1 + 3 - (4 + 2)) + 6.
4
-4 + 0 - (0 - 9)
5
What is the value of (-5 + 15 - 9) + -3?
-2
3 - (-6 - (-5 + 11)) - 6
9
What is 2 + (2 - -3) - (-2 + 10)?
-1
Evaluate -3 - (2 + 0 - (-4 - -6)).
-3
(172 - 168) + (3 - 0)
7
What is the value of 1 + (-3 - -1) - (0 - -3)?
-4
Evaluate (4 - 7) + 2 + 0 + 0.
-1
What is (-18 - -15) + 2 + 2 - 0?
1
What is the value of -3 + (7 + -2 - (-2 + 5))?
-1
-224 + 215 - (0 + -3)
-6
3 - 0 - (9 + -1)
-5
What is 4 - (8 + (-2 - (-2 - -1)))?
-3
Evaluate 1 - (1 - 0 - (-2 - -7)).
5
-3 + 1 + -4 + 5 + -2
-3
Evaluate -5 - (-9 + (9 - (11 + -5))).
1
(-1 - -1) + (20 - 18)
2
What is -7 + (-6 - 0) + 27 + -3?
11
Evaluate -2 + (5 - (4 + -2)).
1
2 - (2 + 3) - (-15 - -14)
-2
Evaluate (4 - (-3 + 5)) + -8 + 1.
-5
What is the value of (-6 - (1 - 8 - -4)) + -2?
-5
What is -2 + (1 - 2) + 1 + 0?
-2
Evaluate 6 + 4 + -1 + -2 + -2.
5
-2 + (3 - 5) + 5
1
Evaluate 0 + 6 + -3 + -4.
-1
What is -1 + (4 + -2 - (1 - 4))?
4
6 - (-3 + -2 - -14)
-3
2 - (-6 + 3 + 1 + 1)
3
Calculate -5 + (8 - (6 - 2)).
-1
Evaluate 11 + (-18 - (-4 + -2)).
-1
What is 0 + 4 - (2 + (0 - -3))?
-1
Calculate 1 + -2 + 2 + -9 + 13.
5
Calculate (5 - 0) + (0 - 4).
1
What is 0 - (-12 - -6) - 5?
1
What is 15 - (-10 - -17) - (0 + 3)?
5
Evaluate (1 - 0) + -1 + (3 - 6).
-3
Calculate 11 + -3 - 5 - 2 - 7.
-6
What is the value of -8 - (-12 + -1) - (0 - 0)?
5
-5 + 4 + 1 + 1 + -5
-4
Evaluate 2 - 5 - -1 - -6.
4
Calculate -2 - (-9 - (-2 + -2 + 2)).
5
Calculate 4 - 1 - (-57 + 68).
-8
-4 - (-4 + 7 + -1)
-6
What is -5 - (1 + (-11 - -10))?
-5
Calculate 4 - (8 - 2 - (-9 + 5)).
-6
What is 1 + 5 + -3 + (26 - 30)?
-1
What is -6 - (-6 + 2 + 3 - -2)?
-7
(-3 + 7 - 4) + 4
4
Calculate 0 - (-6 - -1 - -3).
2
What is -2 + 12 + -1 + -1 + -3?
5
-8 + (2 - -8 - 5)
-3
What is -3 - (3 + -2) - (3 - 6)?
-1
What is -5 + 0 + 5 - (-5 - -5)?
0
Calculate -23 + 19 - (-4 - 0).
0
What is the value of (-5 - (0 - 2)) + (3 - -1)?
1
Calculate (-4 - -12) + -45 + 46.
9
What is 8 + -5 + (5 - 13)?
